= c. What is the thousands digit of a?
1
Let y = 17855 - 9230. What is the hundreds digit of y?
6
Suppose -3*c = 2*f - 1035, -10*c = -6*c + 4. Let q = -208 + f. What is the units digit of q?
1
What is the hundreds digit of (-6874199)/(-2097) - (-2)/(-18)?
2
Let y = 39 + -36. Suppose i - 2 = 0, 179 = c + y*i - 245. What is the tens digit of c?
1
Let w(q) = 2786*q**2 - 870*q - 3465. What is the tens digit of w(-4)?
9
Let t = -65 + 60. What is the hundreds digit of (-715)/t - (-1 + -1)?
1
Suppose 7*g + 1469 = -1163. Let q = 585 + g. What is the hundreds digit of q?
2
Suppose -3*l - 5*z + 81342 = 0, 10*l = 5*l - 2*z + 135570. What is the thousands digit of l?
7
Let s be -8*(-2)/(-8)*-1. Suppose -148 = -s*z + z. Suppose 79 = t + i, i - z = -2*t - 3*i. What is the units digit of t?
4
Suppose 0 = 2*f + 3*z - 1435, -2*f + 0*f + 1439 = -z. Let w = f + -507. What is the tens digit of w?
1
Let r(n) = n**3 - 10*n**2 - 3*n + 19. Let z be r(7). Let s = 429 + z. What is the units digit of s?
0
Suppose -2*b + 10172 = -4*l, 4*b = -3*l + 2141 + 18203. What is the units digit of b?
6
Suppose 431*h - 428*h - 817 = -z, -4*z + 558 = 2*h. What is the units digit of h?
1
Let u = 8926 + -7724. What is the thousands digit of u?
1
Let d(b) = 14*b**2 - 107*b + 2646. What is the units digit of d(24)?
2
What is the ten thousands digit of (2/(-7))/((-3)/(-21))*27282/(-4)?
1
Let a(n) = 46*n + 2647 + 45*n - 2443. What is the units digit of a(7)?
1
Let p(n) = 33*n**3 + 3*n**2 + 11*n - 73. What is the thousands digit of p(7)?
1
Let d = 39 - 34. Suppose -d*v + 7*a = 2*a - 165, 0 = -v - 3*a + 45. Suppose -j - t = 3*j - v, -j = -2*t - 9. What is the units digit of j?
9
Let u(a) = 24*a - 4*a**2 + 19*a - 17*a + 28 + 5*a**2. Let n be u(-25). Suppose -4*t + 23 = -k - 9*t, t = -4*k + n. What is the units digit of k?
2
Suppose 3*w + 40 = 10. Suppose -20*m - 4*m - 355 = 965. Let h = w - m. What is the units digit of h?
5
Let s = 227 - 115. Let w = s + -82. Let q = 16 + w. What is the tens digit of q?
4
What is the hundreds digit of -1 + 14/6 - (-8 - 14048/12)?
1
Let o(g) = g**3 - 8*g**2 - 16*g - 6. Let p(w) be the third derivative of -w**4/4 - w**3/3 + w**2. Let k be p(-2). What is the tens digit of o(k)?
3
Let w(o) = -o**2 - 34*o - 32. Let m be w(-15). Suppose 4*v - m = -5*z, 2*z + 2*v - 7*v = 88. Suppose 7*p - z = 49. What is the tens digit of p?
1
Let w(f) = -f**2 - 7*f - 10. Let z be w(-5). Suppose z = -n + 2*n. Suppose n = -2*m + 1 + 111. What is the units digit of m?
6
Let d = 52837 - 37176. What is the ten thousands digit of d?
1
Let n(q) = 5*q**2 - 21*q - 2. Let a be n(10). Suppose 5*u - 4*h - 478 = 0, -3*u - h + 3*h = -a. Let d = 171 - u. What is the tens digit of d?
7
Let x = -13785 + 43647. What is the ten thousands digit of x?
2
Let m(t) = -t**3 + 89*t**2 - 12*t - 627. What is the hundreds digit of m(75)?
2
Let n(a) = 4*a**3 - a**2 + 2*a - 483. Let o(b) = 3*b**3 - b**2 + 4*b - 482. Let k(s) = 2*n(s) - 3*o(s). What is the hundreds digit of k(0)?
4
Let d = 23045 + -17068. What is the units digit of d?
7
What is the hundreds digit of ((2751/(-14) - -6)*1)/(1/(-46))?
7
Suppose -11*c - 2*m + 30 = -8*c, -5*c + 66 = -2*m. Let g = -2 + -20. Let j = c - g. What is the tens digit of j?
3
Let d be -10*6*(-8)/6. Let n = 83 - d. Suppose y - 288 = -2*m, 2 = -4*m - n*y + 582. What is the tens digit of m?
4
Let u(a) = 5*a + 19. Let h(j) = j. Let b(l) = 6*h(l) - u(l). Let g be b(0). Let d = 37 - g. What is the tens digit of d?
5
Let t(d) = 158*d + 1573. What is the thousands digit of t(5)?
2
Suppose 2*v - 2*b = 82, 4*b - 42 = -v + 14. Let r = 3201 + -3056. Let o = r - v. What is the hundreds digit of o?
1
Suppose 5*v = -2*h - 3 + 32, -4*v + 30 = 5*h. Suppose -j - z + h = 3*z, 3*j - 5*z = 57. Suppose 724 = 18*m - j*m. What is the units digit of m?
1
Suppose 0 = p + l - 3*l - 66, -4*l = 2*p - 108. Suppose -4*g - 716 = -2*y, -3*g = -y + 296 + p. What is the units digit of y?
2
Suppose 31395 = s - 41*w + 38*w, 0 = -s - 2*w + 31415. What is the hundreds digit of s?
4
Let b be 4/((-16)/(-5556))*6/18. Let f = b - 55. What is the hundreds digit of f?
4
Suppose -2*t = -6, 393 = 3*s - s + 3*t. Suppose p = -c + s, -2*p - 3*c = -363 - 17. What is the units digit of p?
6
Suppose 4*c = -2*w - 6, -5*c - 15 = -10*c + 5*w. Suppose -7*f - 802 = -k - 6*f, 4*k + f - 3213 = c. What is the tens digit of k?
0
What is the hundreds digit of -2*12/(-8)*(289240/15)/8?
2
Let b be ((-1)/(15/138))/((-20)/1850). Let a = -738 + b. What is the units digit of a?
3
Suppose 5*x - 34 - 10 = q, 0 = 5*x + 5*q - 50. What is the units digit of x*((-542)/4)/(30/(-20))?
3
Let r(a) = -3484*a + 1629. What is the tens digit of r(-4)?
6
Let g(o) = -2*o**3 + 2*o**2 + 5*o + 3. Let w be g(-1). Suppose 0 = -3*f - w*h + 363, 2*f - 5*f + 363 = -h. What is the tens digit of f?
2
Suppose 10*i + 21 = 13*i. Let b(p) = 21 - 3 + 2 + i*p. What is the tens digit of b(9)?
8
Let l = -155 + 160. Suppose l*f - 123 = 882. What is the tens digit of f?
0
Let t = -4657 - -13444. What is the thousands digit of t?
8
Let b(t) = 10*t + 1. Let p(r) = r - 16. Let z be p(13). Let i be b(z). Let j = 6 - i. What is the tens digit of j?
3
Suppose 14*n - 200077 - 290605 = 20360. What is the hundreds digit of n?
5
Let v be ((-5)/(100/(-24)))/((-8)/(-20)). Suppose 2235 = v*w + 3*m, -3*w - 4*m = -0*w - 2236. What is the tens digit of w?
4
Let h(c) be the second derivative of c**4/4 + 4*c**3 + 3*c**2/2 - 9*c + 6. What is the tens digit of h(4)?
4
Let x(l) = 50*l - 83. Let g be x(-6). What is the tens digit of (-12)/(-42) - g*2/14?
5
Suppose 3*v + 0*v - 3*r + 2199 = 0, r = -v - 743. Let f = -416 - v. What is the hundreds digit of f?
3
Let u(q) = -6*q - 3 + 4*q**3 + 5*q + 2*q**2 + 6 - 3*q**3. Let z be u(0). Suppose -x - 3*m - 64 = -2*x, z*m = -2*x + 173. What is the units digit of x?
9
Suppose -2*a - 42 = 4*b, -4*b + 8*a - 7*a = 27. What is the hundreds digit of b/2 + (-5 - -158)?
1
Suppose -153*s + 1273521 + 210149 - 80660 = 0. What is the tens digit of s?
7
Let r = 10128 - 3982. What is the hundreds digit of r?
1
Let n = -10046 + 15809. What is the tens digit of n?
6
Let a be 2/(-3)*(-12)/8*3. Let p be (-4)/(-4)*(-3 + a). Suppose 2*w - 4*h - 118 = p, -127 = -2*w + 2*h - h. What is the units digit of w?
5
Suppose 4*p + 1117 = -3*f, 3*p + 3*f - 1123 = 7*p. Let w = 1158 + p. What is the units digit of w?
8
Let v be (7280/49 + 3/7)*-2. What is the units digit of (-4 + (-80)/8)/(4/v)?
3
Suppose -8 = -4*g + 5*i, -4 = -5*g + 5*i + 1. Let d(s) = 64*s + 2*s**2 - 61*s + 13*s**2 + 26 - 21. What is the units digit of d(g)?
1
Suppose -104*f + 2555758 - 148106 - 194324 = 0. What is the hundreds digit of f?
2
What is the tens digit of 10/(-4)*98940/(-425)?
8
Let q be ((-75)/20 - -4)/((-2)/(-40)). What is the tens digit of -1 + 9 - (q - 1) - -347?
5
Let i = 782 - 782. Suppose -4*u + 5*y = -5238, i = 2*u - 50*y + 54*y - 2606. What is the thousands digit of u?
1
Let h = -1913 - -2401. Let j = 12 - 7. Suppose 0 = r + 2*r + j*v - 377, -4*r = 3*v - h. What is the tens digit of r?
1
Suppose 0 = -8*o + 3*o, 0*m + 2*m = o + 18716. What is the tens digit of m?
5
Let r be (-3)/(-1) - (-2)/(-2). Suppose -3*g - 1776 = 2*s - 7*s, -r = g. Let z = s - 182. What is the hundreds digit of z?
1
Suppose 40*t - 3014 = -51574. Let f = -522 - t. What is the hundreds digit of f?
6
Suppose 469 = -2*j - 5*j. Let u = j - -31. Let p = 126 - u. What is the hundreds digit of p?
1
Suppose -595 - 35 = -10*h. Suppose -l + h*l - 8060 = 0. What is the hundreds digit of l?
1
Let g(y) be the first derivative of 6*y**2 + 27*y + 10. Let n be g(-7). Let w = -34 - n. What is the tens digit of w?
2
Let s be 64/(-36) + (-2)/9. Let w(c) be the first derivative of 13*c**3/3 + c**2 + 4*c - 10. What is the tens digit of w(s)?
5
Let p = 13068 + -6207. What is the hundreds digit of p?
8
Suppose -26*z - 1264 = -22*z. Let s = z + 557. What is the tens digit of s?
4
What is the units digit of (-680895)/(-135) + 2/(-3)?
3
Suppose 32*x = 47*x - 8880. Let c = x - 134. What is the hundreds digit of c?
4
Let l(r) = -5*r**3 - 64*r**2 - 8*r - 7. Let j be (-5 + 182/42)/((-2)/(-39)). What is the units digit of l(j)?
6
Suppose -15 = -4*t - 19. Let w be (13908/6)/(-2 - t/1). What is the tens digit of (-4)/(-18) + w/(-18)?
2
Suppose 178238 = 157*h 